 x and 16.
8
Suppose 5*x = 4*k + 55, -2*x - 40 = 4*k - 6. Let z be 52*-1*(-11 - k). What is the greatest common factor of 130 and z?
26
Suppose -51 + 13 = -2*g - 3*p, 4*p = g - 8. Calculate the highest common divisor of g and 1096.
8
Suppose -2*q = 5*m - 370, -5*m - 3*q + 350 = -5*q. Calculate the greatest common divisor of 16 and m.
8
Let z(o) = -2*o - 10. Let y be z(-6). Let s(q) = 5*q - 5. Let c be s(y). What is the highest common factor of c and 5?
5
Suppose 1026 = n + 2*n. Let v = -234 + n. Suppose 7*c = 3*c + 5*f + 23, 3*c - 2*f - 26 = 0. What is the highest common factor of c and v?
12
Suppose -s - 5*d + 119 = 0, -6*s + 503 = -s + 2*d. Calculate the greatest common factor of 36 and s.
9
Let u = 24 - 18. Let a = 9 - u. Let n = 8 + -7. Calculate the highest common factor of n and a.
1
Let b = -403 - -539. Calculate the highest common divisor of b and 17.
17
Suppose 0 = 13*m - 7*m - 504. Calculate the greatest common divisor of 21 and m.
21
Let i = -15 - -25. Suppose -i*c + 45 = -7*c. Suppose g = 14 + 1. What is the greatest common factor of c and g?
15
Suppose 51 = 3*u - c, -5*u = -4*u - 2*c - 17. Suppose -u - 27 = -4*d. What is the highest common divisor of d and 88?
11
Let h be (-1 + 2)*(32 - -4). Suppose 17*k = 21*k - h. What is the highest common factor of 1 and k?
1
Let p = 229 - 163. Calculate the highest common divisor of 6 and p.
6
Let g be 14/4*(-84)/343*-84. Let t be 0 + 7/((-21)/(-36)). What is the greatest common divisor of g and t?
12
Suppose 4*r = 3*r + 3. Suppose 0 = -3*k + 5*k - 5*a - 37, -2*k - r*a = -13. What is the highest common divisor of 33 and k?
11
Suppose 5*j - 1498 = -3*z, -5*z + 2561 = 3*j + 75. Suppose g - z = -g + 4*q, 1268 = 5*g - 3*q. Calculate the highest common factor of g and 16.
16
Suppose 0 = -3*i + 4*q - 12, 0*q + q = 0. Let n be 1*2*i/8. Let r(a) = 100*a**2. Let u be r(n). What is the highest common factor of u and 20?
20
Let f be 888/14 - (-236)/413. What is the greatest common factor of f and 8?
8
Suppose -12*m + 8*m + 438 = 5*r, 5*m - 4*r - 568 = 0. Let t be (14/5 - 2)*20. What is the greatest common factor of m and t?
16
Let h(v) = -2*v. Let j be h(0). Suppose -3*n + 0*o = o - 57, j = -5*n + 5*o + 75. Calculate the highest common divisor of n and 6.
6
Suppose -4*c - 3*n + 91 = -0*n, -5*c + n = -90. Let h = c - -5. Let o be -15 + 23 + 368/2. Calculate the highest common factor of h and o.
24
Suppose 0 = 4*g - 2*q - 56, 2*g + 3*q = -q + 28. Suppose -g - 46 = -a. Calculate the highest common divisor of 3 and a.
3
Let q = -2654 + 2660. Calculate the greatest common divisor of q and 6.
6
Suppose 4*z + 0*z = 16. Suppose -i = z*i - 2*r - 6, 0 = 3*i + 2*r - 10. Calculate the greatest common factor of i and 22.
2
Let t be (((-14)/(-21))/(-1))/((-2)/78). Calculate the greatest common divisor of 182 and t.
26
Let f = -255 - -273. What is the greatest common divisor of 16 and f?
2
Let l(i) = 24*i - 137. Let o be l(6). Suppose c = 5*m + 17, -4*c - m = -0*m - 26. What is the highest common factor of c and o?
7
Let a be (-5 - 66/(-14)) + (-51)/(-7). Let b = 46 - a. What is the greatest common divisor of b and 273?
39
Suppose 2*r = 28*r - 260. What is the greatest common factor of 70 and r?
10
Let a be 10/25 + (654/(-15))/(-1). What is the greatest common factor of a and 396?
44
Suppose -3*d + 126 = -18. Suppose -3*q - q = -128. What is the greatest common factor of q and d?
16
Let v = 2241 + -1289. Calculate the greatest common divisor of 272 and v.
136
Let i(c) = -c**3 + 10*c**2 + 5*c + 12. Let y be i(11). Let m = -35 - y. What is the greatest common factor of 76 and m?
19
Suppose -k + 1 = -3. Let v(s) = s**3 + 15*s**2 - 18*s. Suppose 53 - 133 = 5*m. Let j be v(m). What is the highest common divisor of k and j?
4
Let b(p) = p**2 + 11*p - 15. Let w be b(7). Let n = -86 + w. What is the greatest common factor of 25 and n?
25
Let q = 2760 + -465. What is the highest common factor of q and 85?
85
Suppose y - 4*w = 2*y - 56, -3*y + 3*w = -123. Suppose -s + 0 = -5*j - 2, s = -5*j + 2. Let r be 2*(-1)/s + 12. What is the highest common factor of y and r?
11
Suppose 75*x + 388 - 1138 = 0. Let c be (-1)/(-2*(-2)/(-12)). Suppose c*v + 2*v - 200 = 0. What is the greatest common factor of v and x?
10
Suppose -17*g - 9048 = -46*g. What is the highest common divisor of g and 120?
24
Let d be (-801)/(-15) - (-18)/30. Let b = d - 18. Calculate the greatest common factor of b and 12.
12
Let q = -4 - -32. Let n = -62 + q. Let g = n + 49. Calculate the greatest common divisor of 15 and g.
15
Let l(p) be the first derivative of p**4/2 - p**3/3 - p**2/2 + 16*p + 32. Let u be l(0). Calculate the highest common factor of 56 and u.
8
Let k(b) = -19*b - 9. Let t be (1 - 2 - 3)*(-3)/(-4). Let z be k(t). Let a be ((-1)/2)/((-3)/36). Calculate the greatest common divisor of a and z.
6
Let b = 6 - 0. Suppose -4*k = -2*j - 22, 0 = -4*k + b*j - 2*j + 12. Calculate the highest common factor of 2 and k.
2
Let t = 73 - 1. Suppose 42 - t = -6*v. Calculate the greatest common factor of v and 20.
5
Let b(q) = 1 - 3 + q - 3*q - 3*q. Let u be b(-4). Let d = u - 11. Calculate the highest common divisor of 63 and d.
7
Let d(t) = -t**2 + 8*t - 7. Let r be d(7). Let p(f) = f**2 - f + 36. Let v be p(r). Let i = 147 - 111. Calculate the greatest common factor of v and i.
36
Let l be (12/8)/((-2)/(-16)). Let s = 979 - 775. Calculate the greatest common divisor of l and s.
12
Let m(g) = -g**3 + 12*g**2 - 36*g + 44. Let f be m(8). What is the highest common divisor of 186 and f?
6
Let t be ((-3)/(-2))/((-6)/(-12)). Let p = 4 + t. What is the highest common factor of 1 and p?
1
Let b be -2*(2 - 5)*3/9. Suppose 2*k = -0*k + 4. Suppose 3*s = k*h + 7*s - 24, 5*s = 2*h - 69. Calculate the highest common factor of b and h.
2
Suppose 5*j + 5*r - 4*r - 5180 = 0, -5195 = -5*j - 4*r. Calculate the highest common divisor of 45 and j.
45
Let a(c) = 2*c + c - 8 - 4*c. Let z be a(8). Let r = 26 + z. Calculate the greatest common factor of r and 25.
5
Let q(u) = 4*u**2 + 6*u + 5. Let b be q(-5). Let n be (8*1)/((-9)/18). Let h = n + 31. What is the greatest common factor of h and b?
15
Suppose 9*l = 90 + 117. Calculate the highest common divisor of 69 and l.
23
Suppose 0 = o + 5*g - 1, 0 = 2*o - g + 4*g - 2. Calculate the highest common divisor of 17 and o.
1
Let x be (50/(-15))/((-2)/1104). Let c = x + -1080. Suppose -2*d - 3*d = -c. What is the highest common divisor of 19 and d?
19
Let n(w) = -4*w - 22. Let z be n(-8). Calculate the highest common factor of z and 160.
10
Suppose -28*s - 2730 = -49*s. Calculate the greatest common factor of 3900 and s.
130
Let d(t) = 8*t - 55. Let j be d(14). Suppose -2*z - 3*o + 79 = -0*o, z + 4*o - 42 = 0. What is the greatest common factor of z and j?
19
Suppose -w - w + 478 = 3*k, -k + 1208 = 5*w. Let f(r) = -2*r**2 + 2*r + 3. Let d be f(-1). Let b = d - -23. What is the highest common divisor of w and b?
22
Let y(o) = o**2 - 2. Let r be y(-2). Suppose -r*j = -5*j + 24. What is the greatest common factor of j and 2?
2
Let n be (-5 - (-2 + -2))*-8. Suppose -22 = -5*x + n. Suppose 0 = v - x*v + 100. What is the highest common divisor of 30 and v?
10
Let r(j) = -68*j - 33. Let q be r(-3). What is the highest common divisor of q and 19?
19
Suppose -825 = -11*q - 4*q. Calculate the highest common factor of q and 275.
55
Let h = -87 - -153. Suppose 3*n - 2*k = -2, -4*n - 3*k - 2*k = -5. Suppose y + 4 - 26 = n. What is the greatest common factor of y and h?
22
Let w be (-12 - -14) + (-32)/(-2). Let c be w/3 - ((-3)/3 + 4). Let z be (-1)/(-1) + -1 + 2. Calculate the greatest common divisor of c and z.
1
Let b = -1651 + 1912. What is the greatest common divisor of 18 and b?
9
Let c(x) = x**3 - 4*x**2 + 4*x. Suppose -4*r + 12 = -8. Let o be c(r). Let n be 108/60*(2 - (-57)/9). What is the highest common divisor of o and n?
15
Let y be (-1018)/(-14) - 12/(-42). Let g = y - 49. What is the greatest common divisor of 60 and g?
12
Let w = -63 - -72. Calculate the greatest common divisor of 12 and w.
3
Let k be 0 + (-5)/(5/(-2)). Suppose -72 = -2*x + 5*j, x + 36 = k*x + 4*j. Let m = 59 - x. What is the greatest common divisor of 92 and m?
23
Let t be (1891/244)/((-1)/(-148)). Calculate the highest common factor of t and 74.
37
Let a = 7 - 3. S